21
Let i(h) = 9*h**3 - 60*h + 255. Calculate i(5).
1080
Let b(l) = 8*l**3 + 432*l**2 - 24*l - 1314. Give b(-54).
-18
Let f(z) = -8033*z + 72336. Calculate f(9).
39
Let j(m) = 52*m**2 + 1463*m - 1416. What is j(-29)?
-111
Let z(c) = -c**2 - 303*c - 6220. Calculate z(-20).
-560
Let j(t) = 198*t + 1473. Determine j(0).
1473
Let k(r) = -3*r**3 + 27*r**2 - 62*r + 938. Determine k(10).
18
Let x(z) = 5*z**2 - 48259*z + 289508. Give x(6).
134
Let m(u) = -2662*u - 13189. Calculate m(-5).
121
Let w(t) = 3*t + 217. Determine w(99).
514
Let i(w) = -w**2 - 1881*w + 13086. What is i(7)?
-130
Let d(t) = t**2 + 8452*t + 33810. Calculate d(-4).
18
Let c(v) = 19308*v - 173769. Calculate c(9).
3
Let k(s) = -s**3 + 116*s**2 + 3594*s - 2546. Determine k(-26).
2
Let q(r) = -r**2 + 239*r + 95584. Give q(-212).
-28
Let z(c) = 32*c**3 - 65*c**2 - 115*c + 2. Give z(4).
550
Let y(g) = -g**3 - 231*g**2 - 2202*g + 1874. Calculate y(-221).
106
Let l(b) = -b**3 - 28*b**2 - 464*b - 13214. Determine l(-28).
-222
Let c(k) = -k**2 + 177*k + 298. Calculate c(179).
-60
Let q(w) = 422*w - 44743. Determine q(106).
-11
Let a(b) = 1179*b - 25957. Give a(22).
-19
Let i(s) = 383*s + 1992. Give i(-5).
77
Let c(n) = 4*n**3 - 22*n**2 - 25*n + 66. Determine c(10).
1616
Let w(n) = -35*n + 4723. Calculate w(106).
1013
Let c(b) = -1625*b - 66655. Determine c(-41).
-30
Let t(j) = -6*j**2 - 75*j - 196. What is t(-6)?
38
Let x(s) = -51*s**2 - 202*s + 628. Give x(-6).
4
Let z(q) = 2*q**2 - 398*q + 14796. Determine z(61).
-2040
Let p(o) = -2*o**2 - 505*o + 1694. What is p(-263)?
-3829
Let x(y) = y**3 + 4*y**2 - 805*y + 2400. Calculate x(3).
48
Let u(q) = 3*q**3 - 123*q**2 - 81. Calculate u(41).
-81
Let z(p) = -11700*p + 491367. Calculate z(42).
-33
Let x(v) = 327*v - 6304. Determine x(18).
-418
Let j(z) = 5317257*z - 15951763. Calculate j(3).
8
Let z(q) = -249*q - 390. Calculate z(-1).
-141
Let m(j) = j**3 - 147*j**2 + 1963*j - 81248. What is m(137)?
-7
Let l(r) = -9455*r + 64884. Give l(7).
-1301
Let z(x) = -x**3 - 9*x**2 + 231*x - 90. What is z(-21)?
351
Let p(s) = 16*s**3 + 54*s**2 + 32*s + 112. Determine p(-4).
-176
Let q(c) = 147*c - 18330. Calculate q(119).
-837
Let a(m) = -2*m**2 + 233*m + 98909. Determine a(-172).
-335
Let w(l) = 6925*l - 1433472. What is w(207)?
3
Let h(j) = 784382*j + 13334491. Give h(-17).
-3
Let c(q) = -4457*q + 164899. Calculate c(37).
-10
Let t(i) = 1163*i - 9701. Calculate t(9).
766
Let c(r) = -221*r - 1137. Give c(-6).
189
Let o(l) = 16*l**2 - 312*l + 312. Determine o(1).
16
Let r(h) = -2175*h - 312942. Give r(-144).
258
Let u(w) = -19*w**3 + 12*w**2 - 76*w + 236. Give u(3).
-397
Let t(j) = -j**2 + 43*j + 7921. What is t(-70)?
11
Let b(u) = -2802*u + 3415637. Give b(1219).
-1
Let g(q) = -967*q + 18628. Give g(20).
-712
Let g(o) = 1879*o + 148813. Calculate g(-80).
-1507
Let i(x) = 114*x + 11937. Calculate i(-65).
4527
Let l(h) = -4662*h + 60722. Determine l(13).
116
Let g(h) = h**3 - 256*h**2 - 7028*h + 95. Give g(-25).
170
Let o(a) = -3162*a + 63436. What is o(20)?
196
Let f(o) = 159*o**2 - 1016*o - 64. What is f(10)?
5676
Let l(b) = -b**3 - 21*b**2 + 393*b - 109. Calculate l(-33).
-10
Let i(g) = 2*g**2 - 26875*g + 107463. Determine i(4).
-5
Let a(i) = -12*i**2 + 390*i + 3390. Give a(-7).
72
Let v(b) = -1872*b - 1868. Calculate v(-1).
4
Let p(m) = -114*m - 17133. Give p(-148).
-261
Let h(t) = 5*t**3 - 10*t**2 - 43*t + 1. Calculate h(4).
-11
Let z(x) = -23037*x + 23019. Calculate z(1).
-18
Let p(m) = 158*m - 4898. Calculate p(31).
0
Let g(k) = 508*k**2 - 5086*k - 12122. Give g(12).
-2
Let c(r) = -18*r**2 - 579*r - 1155. What is c(-30)?
15
Let g(f) = -3977*f + 274493. What is g(69)?
80
Let n(q) = 11*q**2 + 5059*q - 364. Calculate n(-460).
96
Let g(z) = 3*z**3 - 1532*z**2 + 29391*z + 980. Calculate g(20).
0
Let z(s) = 256*s**2 + 35*s - 67. Determine z(2).
1027
Let p(v) = -2*v**2 + 7463*v + 37302. Give p(-5).
-63
Let a(d) = -30*d**2 + 763*d - 262. Give a(25).
63
Let u(g) = -7*g**3 - 25*g**2 + 55*g - 9. Calculate u(7).
-3250
Let t(i) = -1509*i + 700247. Calculate t(464).
71
Let x(i) = 133835*i + 267690. What is x(-2)?
20
Let t(h) = -7*h**3 + 274*h**2 - 234*h - 2651. Determine t(38).
9
Let d(a) = 7436*a + 200914. Determine d(-27).
142
Let m(k) = -2*k**3 + 33*k**2 - 67*k + 949. Give m(16).
133
Let l(q) = 10*q**3 - 2*q**2 + 7*q + 184. Calculate l(-7).
-3393
Let t(c) = -2393*c + 603033. Calculate t(252).
-3
Let x(q) = -2*q**2 + 256*q - 440. What is x(124)?
552
Let n(z) = -4*z**2 - 428*z + 1220. Give n(-109).
348
Let v(l) = -307*l - 38985. Determine v(-127).
4
Let v(k) = 1456*k**3 + k**2 + 10*k + 8. Give v(-1).
-1457
Let m(w) = -4*w**2 - 661*w - 5222. What is m(-8)?
-190
Let o(r) = 13*r**2 + 918*r + 7246. Determine o(-9).
37
Let n(g) = 5*g**3 - 3333*g**2 + 5313*g + 4649. What is n(665)?
-6
Let m(r) = -6*r**3 - 2*r**2 + 494*r + 986. Determine m(-2).
38
Let h(m) = -69*m**3 + 708*m**2 - 162*m - 175. Give h(10).
5
Let g(h) = 2004*h + 152721. Give g(-76).
417
Let r(s) = -s**3 + 5*s**2 + 20*s - 108. What is r(7)?
-66
Let v(p) = -46*p - 1758. Give v(-36).
-102
Let k(l) = -305*l**2 - 553*l + 503. Determine k(-3).
-583
Let l(f) = 87*f - 21004. What is l(213)?
-2473
Let j(w) = w**3 + 261*w**2 + 14680*w + 157. Calculate j(-82).
-7
Let w(r) = 6*r**3 + 1082*r**2 + 357*r - 527. What is w(-180)?
13
Let m(h) = 9351*h + 4638096. Calculate m(-496).
0
Let y(r) = -3*r**3 - 74*r**2 + 931*r - 321. What is y(-34)?
393
Let d(n) = 31*n**2 + 5*n - 527. Give d(4).
-11
Let u(o) = -26228*o - 865528. Calculate u(-33).
-4
Let d(j) = -546*j**3 + 2*j**2 + 224*j + 223. Give d(-1).
547
Let o(p) = -5*p**2 - 1419*p + 14383. What is o(10)?
-307
Let b(j) = j**3 + 18765*j**2 - 112640*j + 81. Calculate b(6).
-3
Let y(k) = -5*k**2 + 13*k + 420. What is y(20)?
-1320
Let p(s) = -206*s**2 - 22660*s + 32. Give p(-110).
32
Let g(n) = 16572*n - 99682. What is g(6)?
-250
Let u(a) = a**2 + 171*a + 7967. Determine u(-86).
657
Let r(a) = -24563*a + 10242750. Calculate r(417).
-21
Let r(k) = -19*k**2 + 3545*k - 14195. What is r(4)?
-319
Let j(l) = -l**3 - 110*l**2 + 241*l + 36771. What is j(-109)?
-1379
Let g(k) = 3*k**3 + 106*k**2 + 66*k + 1191. What is g(-35)?
106
Let h(j) = -j**3 - 188*j**2 + 3283*j - 439. Calculate h(16).
-135
Let b(q) = q**2 - 243*q + 8303. Calculate b(40).
183
Let n(i) = 957*i - 315753. Calculate n(330).
57
Let g(f) = 23738*f + 593552. Calculate g(-25).
102
Let z(x) = 20*x**3 + 2063*x**2 + 312*x + 278. Calculate z(-103).
-31
Let v(a) = 189112*a + 189140. Determine v(-1).
28
Let m(s) = -3*s**2 - 2689*s + 5373. Determine m(2).
-17
Let i(q) = -q**2 - 1599*q + 3394868. Determine i(1209).
-4
Let m(y) = -88*y**2 + 3872*y + 103. Determine m(44).
103
Let b(i) = 15*i**2 + 16574*i + 98974. Give b(-6).
70
Let k(g) = 538*g**2 - 1539*g - 17. What is k(3)?
208
Let r(o) = 529*o + 18930. What is r(-36)?
-114
Let m(u) = -u**3 - 25*u**2 - 161*u + 27. What is m(-15)?
192
Let x(s) = -63*s**2 + 55*s + 192. Calculate x(-3).
-540
Let h(d) = 2*d**3 - 7*d**2 + 62*d - 595. Calculate h(6).
-43
Let q(d) = -4*d**2 + 5297*d - 78568. Determine q(15).
-13
Let z(j) = 3*j**2 + 44604*j + 757408. Determine z(-17).
7
Let d(x) = 2391*x + 133594. What is d(-56)?
-302
Let x(a) = 642*a + 7062. Give x(-11).
0
Let l(z) = 126*z**2 + 4028*z - 125. Give l(-32).
3
Let g(r) = 19709*r + 1655555. Give g(-84).
-1
Let l(n) = 60*n**2 + 50*n + 118. What is l(5)?
1868
Let f(x) = x**2 - 178776*x - 715124. Calculate f(-4).
-4
Let i(k) = 8*k**2 + 34*k - 45. What is i(-7)?
109
Let u(w) = 65*w**2 - 6566*w - 103. Determine u(101).
-204
Let t(l) = -28214*l - 28395. Calculate t(-1).
-181
Let p(d) = -25*d**2 + 6931*d - 1370. Give p(277).
292
Let o(u) = -35938*u - 107748. Calculate o(-3).
66
Let i(p) = p**2 - 40868*p + 1143582. Determine i(28).
62
Let j(f) = -68*f**2 + 11427*f - 497. What is j(168)?
7
Let l(a) = -271*a + 17170. Calculate l(65).
-445
Let l(o) = -2143*o - 11165. Determine l(-5).
-450
Let l(i) = -63*i**2 + 1565*i - 6251. Give l(5).
-1
Let j(w) = w**3 - 227*w**2 - 925*w + 235. Calculate j(231).
4
Let o(j) = 32*j**2 + 4970*j + 1379. What is o(-155)?
-171
Let y(n) = 3*n**2 + 11*n - 494. Determine y(11).
-10
Let q(f) = -302*f - 34756. Give q(-115).
-26
Let t(b) = 141*b**2 - 1937*b - 473. Determine t(14).
45
Let r(t) = 9*t**2 - 2457*t - 19721. Determine